*b**2 - 550*b + 61. Give n(-7).
-9
Let j(z) = 6*z**2 - 367*z - 294. Calculate j(62).
16
Let p(j) = -j**2 - 3710*j + 33483. Give p(9).
12
Let w(g) = 31*g**2 + 1119*g + 86. Give w(-36).
-22
Let k(x) = -2*x**2 - 220*x - 2515. Give k(-13).
7
Let z(f) = -2*f**2 + 19*f + 250. Determine z(17).
-5
Let t(f) = 17*f - 535. What is t(44)?
213
Let i(l) = l**3 + 29*l**2 - 26*l + 23. Give i(-30).
-97
Let y(d) = 2*d**2 - 1114*d - 18336. Determine y(-16).
0
Let c(n) = -n**3 + 118*n**2 - 677*n + 37. What is c(6)?
7
Let f(n) = n**3 - 177*n**2 - 3938*n - 390. Calculate f(197).
4
Let m(u) = 27*u + 71. Calculate m(-2).
17
Let q(g) = 5*g**2 - 15*g - 4. Calculate q(11).
436
Let k(c) = -c**2 - 310*c + 3517. Calculate k(11).
-14
Let y(s) = s**2 + 90*s + 450. Calculate y(-5).
25
Let h(y) = -184*y + 1118. What is h(6)?
14
Let f(b) = 301*b**2 + 3913*b + 2. What is f(-13)?
2
Let w(x) = -x**3 - 45*x**2 - 105*x - 2. What is w(-42)?
-884
Let f(a) = -9*a - 79. Calculate f(-6).
-25
Let q(j) = -3*j**2 + 18*j - 46. Calculate q(5).
-31
Let i(g) = -10*g**3 + 98*g**2 + 137*g - 57. Give i(11).
-2
Let j(w) = -w**2 + 528*w - 8686. Determine j(17).
1
Let n(m) = -5*m**2 - 127*m + 361. What is n(-28)?
-3
Let n(f) = 98*f + 748. Give n(-9).
-134
Let j(h) = 136*h - 2104. What is j(16)?
72
Let g(r) = 4*r**2 + 24*r - 154. Determine g(-10).
6
Let t(r) = r**3 - r**2 - 25*r + 11. Calculate t(7).
130
Let o(b) = -4*b**2 - 52*b - 179. Determine o(-7).
-11
Let c(z) = z**3 - 10*z**2 - 25*z + 15. Calculate c(11).
-139
Let n(k) = 118*k - 700. Determine n(12).
716
Let p(j) = 636*j - 57246. Give p(90).
-6
Let f(h) = -123*h**2 - 101*h - 197. Determine f(-2).
-487
Let n(p) = 47*p - 116. What is n(1)?
-69
Let n(j) = -72*j + 2361. Calculate n(33).
-15
Let g(k) = k**2 - 35*k + 179. Determine g(7).
-17
Let b(r) = -12*r + 70. Give b(5).
10
Let j(y) = -16*y**3 - 9*y**2 + 17*y - 9. What is j(1)?
-17
Let p(l) = l**2 + l + 152. Give p(-11).
262
Let s(i) = 3*i**2 + 65*i + 132. Calculate s(-20).
32
Let u(v) = 116*v + 27. Determine u(0).
27
Let f(l) = -1728*l + 20721. Give f(12).
-15
Let s(o) = 23*o - 658. What is s(32)?
78
Let h(z) = -2228*z + 153730. Give h(69).
-2
Let h(o) = 25*o - 72. What is h(-9)?
-297
Let f(u) = -6*u**3 + 832*u**2 + 280*u - 283. What is f(139)?
-5
Let p(m) = m**3 - 61*m**2 + 162*m + 686. Give p(58).
-10
Let h(n) = -119*n + 5669. Give h(48).
-43
Let l(o) = o**3 - 56*o**2 + 297*o + 10. What is l(50)?
-140
Let s(w) = -197*w + 835. Give s(4).
47
Let k(p) = -51*p**3 - 3*p**2 + 47*p - 43. What is k(1)?
-50
Let a(s) = -19*s - 67. Calculate a(-2).
-29
Let x(p) = -284*p**2 - 40*p - 38. Give x(-1).
-282
Let h(i) = -5*i**3 - i**2 + 43*i - 78. Give h(6).
-936
Let q(s) = 23*s + 124. Determine q(-14).
-198
Let y(m) = 5*m - 392. What is y(60)?
-92
Let c(y) = -2*y**2 - 34*y - 242. What is c(-12)?
-122
Let d(i) = -2*i**2 + 25*i + 699. Calculate d(26).
-3
Let z(c) = -c**3 + 8*c**2 + 379*c - 87. Calculate z(-16).
-7
Let g(a) = -2*a**3 - 30*a**2 - 55*a + 12. What is g(-13)?
51
Let y(g) = -474*g - 1426. Give y(-3).
-4
Let n(o) = -145*o**3 + 1. Determine n(1).
-144
Let w(q) = 6*q**3 + 17*q**2 - 7*q - 14. Calculate w(-4).
-98
Let y(c) = -1236*c - 137199. What is y(-111)?
-3
Let n(j) = 118*j**2 - 459*j - 43. Determine n(4).
9
Let v(d) = 48*d + 204. Calculate v(-5).
-36
Let p(w) = w**2 - 5*w + 68. Determine p(11).
134
Let j(l) = 2491*l + 17443. Calculate j(-7).
6
Let q(f) = 16407*f - 9. Give q(0).
-9
Let y(r) = 490*r - 2448. Give y(5).
2
Let n(o) = 91*o - 6446. Give n(71).
15
Let o(g) = 10*g + 75. Give o(-8).
-5
Let z(h) = -133*h - 909. What is z(-8)?
155
Let o(c) = -c**2 - 50*c - 91. What is o(-48)?
5
Let h(z) = -z**2 + 5*z + 89. What is h(15)?
-61
Let c(a) = 2*a**2 - 31*a + 169. What is c(5)?
64
Let r(p) = 119*p - 3545. Give r(32).
263
Let s(x) = -39*x**2 - 14*x - 11. Give s(-3).
-320
Let a(t) = -t**2 + 24*t + 750. Calculate a(-18).
-6
Let z(a) = -3*a**3 - 25*a**2 + 25*a + 60. Give z(-9).
-3
Let y(n) = 895*n + 10754. Give y(-12).
14
Let d(r) = r**3 + 28*r**2 - 291*r - 112. What is d(-36)?
-4
Let s(c) = -227*c - 128. Determine s(-2).
326
Let t(c) = -c**3 + 120*c**2 + 123*c - 249. Give t(121).
-7
Let c(w) = -w**3 + 10*w**2 - 4*w + 353. Determine c(12).
17
Let r(b) = b**3 + 5*b**2 + b - 67. Give r(0).
-67
Let v(s) = 169*s - 9368. Calculate v(56).
96
Let l(w) = -2*w**2 + 992*w + 6938. What is l(-7)?
-104
Let a(p) = 7*p - 178. Give a(24).
-10
Let a(b) = -2*b**2 - 60*b - 177. Give a(-27).
-15
Let y(i) = -6*i**2 + 13*i + 5. What is y(-8)?
-483
Let s(n) = n**2 - 3*n - 80. Determine s(-7).
-10
Let g(y) = -173*y + 11608. What is g(67)?
17
Let n(a) = -3684*a + 29452. Calculate n(8).
-20
Let p(g) = -g**2 - 4*g - 2. Determine p(-13).
-119
Let v(t) = 6*t**2 + 9*t - 79. What is v(3)?
2
Let m(a) = 4*a - 125. Give m(-26).
-229
Let g(h) = 8*h - 8. Determine g(-10).
-88
Let o(m) = -2531*m - 20278. What is o(-8)?
-30
Let s(t) = t**3 - 8*t**2 + 8*t - 7. What is s(2)?
-15
Let d(i) = -i**3 + 14*i**2 + 63*i - 2. Calculate d(-4).
34
Let k(j) = -23*j + 1572. Give k(69).
-15
Let t(u) = 3*u**3 - 603*u**2 + 602*u - 398. Calculate t(200).
2
Let f(n) = 5*n**3 - 157*n**2 - 103*n + 221. Give f(32).
-3
Let n(k) = 2*k**3 + 39*k**2 - 17*k + 73. What is n(-20)?
13
Let s(m) = 298*m + 4202. Calculate s(-14).
30
Let o(h) = 2*h**3 - 105*h**2 - 964*h - 5. Give o(-8).
-37
Let t(o) = o**3 + 27*o**2 + 21*o + 198. Calculate t(-27).
-369
Let i(d) = -69*d - 337. Give i(-15).
698
Let b(l) = 188*l + 19177. Give b(-102).
1
Let m(u) = 32*u - 649. Calculate m(22).
55
Let s(z) = -541*z**2 - 2158*z + 28. Determine s(-4).
4
Let h(d) = 14*d**2 - 75*d + 33. Determine h(9).
492
Let n(y) = -2*y**3 - 26*y**2 - 22*y - 23. Calculate n(-12).
-47
Let m(p) = -p**3 - 11*p**2 + 42*p + 398. Calculate m(-11).
-64
Let q(d) = -2070*d + 33126. Give q(16).
6
Let a(f) = f**3 - 3*f**2 - 8*f + 8. Determine a(4).
-8
Let w(z) = 2*z**2 - 25*z + 222. Determine w(10).
172
Let a(j) = -136*j - 6. What is a(-1)?
130
Let m(k) = 3*k**3 + 2*k**2 + 4*k - 230. Determine m(0).
-230
Let g(s) = -s**2 + 2*s + 25. What is g(-5)?
-10
Let y(p) = 405*p - 4059. Give y(10).
-9
Let o(m) = -3*m + 301. Give o(92).
25
Let j(w) = 29*w + 794. Give j(-27).
11
Let f(w) = -4*w - 69. Determine f(-12).
-21
Let s(h) = -9*h**2 - 95*h - 3. What is s(3)?
-369
Let z(n) = -n**3 - 12*n**2 - 34*n + 13. Calculate z(-4).
21
Let y(d) = 18*d - 175. Give y(9).
-13
Let m(z) = -6*z + 91. Calculate m(5).
61
Let s(d) = 3*d**3 - 15*d**2 + 21*d - 15. Give s(4).
21
Let f(r) = -r**3 + 17*r**2 - 59*r + 443. Calculate f(15).
8
Let c(p) = -4023*p - 36175. Determine c(-9).
32
Let m(u) = 21*u + 93. Determine m(11).
324
Let n(u) = u**2 + 139*u + 1020. Calculate n(-7).
96
Let z(t) = 293*t - 1182. Give z(4).
-10
Let v(a) = 6*a + 162. Give v(-6).
126
Let o(z) = -2*z**2 - 20*z + 24. Determine o(-4).
72
Let x(m) = -2855*m - 5678. Calculate x(-2).
32
Let i(m) = -191*m + 6487. Calculate i(34).
-7
Let a(k) = 39*k**3 - 3*k**2 + 10*k - 8. Give a(1).
38
Let y(z) = -43*z - 153. Give y(-4).
19
Let i(m) = -3*m**2 - 851*m - 8728. Calculate i(-273).
8
Let p(x) = 10*x**2 + 258*x + 248. Determine p(-25).
48
Let o(q) = 7*q**3 + 565*q**2 - 165*q - 245. What is o(-81)?
-2
Let f(v) = v**2 + 34*v + 223. What is f(-18)?
-65
Let b(w) = 2*w**3 - 147*w**2 + 358*w - 212. Give b(71).
1
Let i(k) = 201*k**2 - 26*k - 26. Calculate i(-1).
201
Let r(w) = -w**3 + 18*w**2 - 35*w + 9. What is r(16)?
-39
Let q(b) = 265*b + 632. Determine q(-2).
102
Let n(h) = -5*h - 3. Determine n(-19).
92
Let d(v) = -102*v - 824. Calculate d(-8).
-8
Let b(d) = -9*d - 46. Determine b(27).
-289
Let r(c) = 55*c - 1325. Determine r(24).
-5
Let g(j) = -2*j**2 - 86*j - 576. What is g(-8)?
-16
Let x(q) = -86*q**2 + 568*q - 934. Give x(3).
-4
Let d(x) = -x**2 + 73*x + 1523. What is d(-17)?
-7
Let q(t) = -10*t**3 + 64*t**2 - 87*t + 81. Calculate q(5).
-4
Let j(q) = 10*q + 70. Calculate j(-27).
-200
Let n(u) = -51*u - 552. Give n(-11).
9
Let g(z) = -z**3 - 15*z**2 + 12*z + 347. Give g(-14).
-17
Let l(o) = o**3 + 20*o**2 + 24*o - 7. Give l(-19).
-102
Let r(j) = j**3 - 9*j**2 - 64*j + 10. What is r(-5)?
-20
Let x(y) = 5*y**3 - 3*y**2 - 11. What is x(-4)?
-379
Let l(p) = -3*p**2 - 151*p - 208. Determine l(-49).
-12
Let t(p) = -p**3 - 4*p**2 + 58*p + 12. Give t(-10).
32
Let q(p) = -563*p + 2792. Determine q(5).
-23